{"id":413,"date":"2026-05-13T04:26:02","date_gmt":"2026-05-13T02:26:02","guid":{"rendered":"https:\/\/www.oz-mediendesign.com\/?page_id=413"},"modified":"2026-05-13T04:47:05","modified_gmt":"2026-05-13T02:47:05","slug":"impressum","status":"publish","type":"page","link":"https:\/\/www.oz-mediendesign.com\/?page_id=413","title":{"rendered":"Impressum"},"content":{"rendered":"\t\t<div data-elementor-type=\"wp-page\" data-elementor-id=\"413\" class=\"elementor elementor-413\" data-elementor-post-type=\"page\">\n\t\t\t\t<div class=\"elementor-element elementor-element-d5593ed e-flex e-con-boxed e-con e-parent\" data-id=\"d5593ed\" data-element_type=\"container\" data-e-type=\"container\" data-settings=\"{&quot;background_background&quot;:&quot;classic&quot;,&quot;background_motion_fx_motion_fx_mouse&quot;:&quot;yes&quot;,&quot;background_motion_fx_mouseTrack_effect&quot;:&quot;yes&quot;,&quot;background_motion_fx_mouseTrack_speed&quot;:{&quot;unit&quot;:&quot;px&quot;,&quot;size&quot;:&quot;0.3&quot;,&quot;sizes&quot;:[]}}\">\n\t\t\t\t\t<div class=\"e-con-inner\">\n\t\t<div class=\"elementor-element elementor-element-c09010a e-con-full e-flex e-con e-child\" data-id=\"c09010a\" data-element_type=\"container\" data-e-type=\"container\">\n\t\t\t\t<div class=\"elementor-element elementor-element-3ac6e55 elementor-widget elementor-widget-heading\" data-id=\"3ac6e55\" data-element_type=\"widget\" data-e-type=\"widget\" data-widget_type=\"heading.default\">\n\t\t\t\t<div class=\"elementor-widget-container\">\n\t\t\t\t\t<h1 class=\"elementor-heading-title elementor-size-default\">Impressum<\/h1>\t\t\t\t<\/div>\n\t\t\t\t<\/div>\n\t\t\t\t<\/div>\n\t\t\t\t\t<\/div>\n\t\t\t\t<\/div>\n\t\t\t\t<section class=\"elementor-section elementor-top-section elementor-element elementor-element-da83b1d elementor-section-boxed elementor-section-height-default elementor-section-height-default\" data-id=\"da83b1d\" data-element_type=\"section\" data-e-type=\"section\">\n\t\t\t\t\t\t<div class=\"elementor-container elementor-column-gap-default\">\n\t\t\t\t\t<div class=\"elementor-column elementor-col-100 elementor-top-column elementor-element elementor-element-a8cb902\" data-id=\"a8cb902\" data-element_type=\"column\" data-e-type=\"column\">\n\t\t\t<div class=\"elementor-widget-wrap elementor-element-populated\">\n\t\t\t\t\t\t<div class=\"elementor-element elementor-element-44b8a8f elementor-widget elementor-widget-text-editor\" data-id=\"44b8a8f\" data-element_type=\"widget\" data-e-type=\"widget\" data-widget_type=\"text-editor.default\">\n\t\t\t\t<div class=\"elementor-widget-container\">\n\t\t\t\t\t\t\t\t\t<p><b>OZ <\/b>Medien<b>Design<\/b><\/p><p>Oliver Zanner<br \/>S\u00e4ntisstra\u00dfe 3<br \/>78256 Stei\u00dflingen<\/p><p>Tel. 07738\/2030544<br \/>Handy: 0151 17117932<br \/><a href=\"mailto:o.zanner@oz-mediendesign.com\" target=\"_blank\" rel=\"noopener\">o.zanner@oz-mediendesign.com<\/a><br \/><a href=\"https:\/\/www.oz-mediendesign.com\" target=\"_blank\" rel=\"noopener\">www.oz-mediendesign.com<\/a><\/p><p>Unternehmensform: Einzelunternehmen<\/p><p><strong>Bildnachweise:<\/strong> <br \/><span style=\"color: var( --e-global-color-text ); letter-spacing: 0em;\">Eigene Kreationen\/Aufnahmen<\/span><\/p><p><span title=\"\u00a9 Jos\u00e9 16\">\u00a0<\/span><\/p><h3>Disclaimer<\/h3><p><strong>Haftung f\u00fcr Inhalte<\/strong><\/p><p>Die Inhalte unserer Seiten wurden mit gr\u00f6\u00dfter Sorgfalt erstellt. F\u00fcr die Richtigkeit, Vollst\u00e4ndigkeit und Aktualit\u00e4t der Inhalte k\u00f6nnen wir jedoch keine Gew\u00e4hr \u00fcbernehmen. Als Diensteanbieter sind wir gem\u00e4\u00df \u00a7 7 Abs.1 TMG f\u00fcr eigene Inhalte auf diesen Seiten nach den allgemeinen Gesetzen verantwortlich. Nach \u00a7\u00a7 8 bis 10 TMG sind wir als Diensteanbieter jedoch nicht verpflichtet, \u00fcbermittelte oder gespeicherte fremde Informationen zu \u00fcberwachen oder nach Umst\u00e4nden zu forschen, die auf eine rechtswidrige T\u00e4tigkeit hinweisen. Verpflichtungen zur Entfernung oder Sperrung der Nutzung von Informationen nach den allgemeinen Gesetzen bleiben hiervon unber\u00fchrt. Eine diesbez\u00fcgliche Haftung ist jedoch erst ab dem Zeitpunkt der Kenntnis einer konkreten Rechtsverletzung m\u00f6glich. Bei Bekanntwerden von entsprechenden Rechtsverletzungen werden wir diese Inhalte umgehend entfernen.<\/p><p><strong>Haftung f\u00fcr Links<\/strong><\/p><p>Unser Angebot enth\u00e4lt Links zu externen Webseiten Dritter, auf deren Inhalte wir keinen Einfluss haben. Deshalb k\u00f6nnen wir f\u00fcr diese fremden Inhalte auch keine Gew\u00e4hr \u00fcbernehmen. F\u00fcr die Inhalte der verlinkten Seiten ist stets der jeweilige Anbieter oder Betreiber der Seiten verantwortlich. Die verlinkten Seiten wurden zum Zeitpunkt der Verlinkung auf m\u00f6gliche Rechtsverst\u00f6\u00dfe \u00fcberpr\u00fcft. Rechtswidrige Inhalte waren zum Zeitpunkt der Verlinkung nicht erkennbar. Eine permanente inhaltliche Kontrolle der verlinkten Seiten ist jedoch ohne konkrete Anhaltspunkte einer Rechtsverletzung nicht zumutbar. Bei Bekanntwerden von Rechtsverletzungen werden wir derartige Links umgehend entfernen.<\/p><p><strong>Urheberrecht<\/strong><\/p><p>Die durch die Seitenbetreiber erstellten Inhalte und Werke auf diesen Seiten unterliegen dem deutschen Urheberrecht. Die Vervielf\u00e4ltigung, Bearbeitung, Verbreitung und jede Art der Verwertung au\u00dferhalb der Grenzen des Urheberrechtes bed\u00fcrfen der schriftlichen Zustimmung des jeweiligen Autors bzw. Erstellers. Downloads und Kopien dieser Seite sind nur f\u00fcr den privaten, nicht kommerziellen Gebrauch gestattet. Soweit die Inhalte auf dieser Seite nicht vom Betreiber erstellt wurden, werden die Urheberrechte Dritter beachtet. Insbesondere werden Inhalte Dritter als solche gekennzeichnet. Sollten Sie trotzdem auf eine Urheberrechtsverletzung aufmerksam werden, bitten wir um einen entsprechenden Hinweis. Bei Bekanntwerden von Rechtsverletzungen werden wir derartige Inhalte umgehend entfernen.<\/p><p><strong>Datenschutz<\/strong><\/p><p>Siehe Men\u00fcpunkt Datenschutz.<\/p><p><strong>Besondere Nutzungsbedingungen<br \/><\/strong><br \/>Soweit besondere Bedingungen f\u00fcr einzelne Nutzungen dieser Website von den vorgenannten Paragraphen abweichen, wird an entsprechender Stelle ausdr\u00fccklich darauf hingewiesen. In diesem Falle gelten im jeweiligen Einzelfall die besonderen Nutzungsbedingungen.<\/p>\t\t\t\t\t\t\t\t<\/div>\n\t\t\t\t<\/div>\n\t\t\t\t\t<\/div>\n\t\t<\/div>\n\t\t\t\t\t<\/div>\n\t\t<\/section>\n\t\t\t\t<\/div>\n\t\t","protected":false},"excerpt":{"rendered":"<p>Impressum OZ MedienDesign Oliver ZannerS\u00e4ntisstra\u00dfe 378256 Stei\u00dflingen Tel. 07738\/2030544Handy: 0151 17117932o.zanner@oz-mediendesign.comwww.oz-mediendesign.com Unternehmensform: Einzelunternehmen Bildnachweise: Eigene Kreationen\/Aufnahmen \u00a0 Disclaimer Haftung f\u00fcr Inhalte Die Inhalte unserer Seiten wurden mit gr\u00f6\u00dfter Sorgfalt erstellt. F\u00fcr die Richtigkeit, Vollst\u00e4ndigkeit und Aktualit\u00e4t der Inhalte k\u00f6nnen wir jedoch keine Gew\u00e4hr \u00fcbernehmen. Als Diensteanbieter sind wir gem\u00e4\u00df \u00a7 7 Abs.1 TMG f\u00fcr eigene [&hellip;]<\/p>\n","protected":false},"author":1,"featured_media":0,"parent":0,"menu_order":0,"comment_status":"closed","ping_status":"closed","template":"elementor_header_footer","meta":{"footnotes":""},"class_list":["post-413","page","type-page","status-publish","hentry"],"yoast_head":"<!-- This site is optimized with the Yoast SEO plugin v27.6 - https:\/\/yoast.com\/product\/yoast-seo-wordpress\/ -->\n<title>Impressum - OZ Mediendesign<\/title>\n<meta name=\"robots\" content=\"index, follow, max-snippet:-1, max-image-preview:large, max-video-preview:-1\" \/>\n<link rel=\"canonical\" href=\"https:\/\/www.oz-mediendesign.com\/?page_id=413\" \/>\n<meta property=\"og:locale\" content=\"de_DE\" \/>\n<meta property=\"og:type\" content=\"article\" \/>\n<meta property=\"og:title\" content=\"Impressum - OZ Mediendesign\" \/>\n<meta property=\"og:description\" content=\"Impressum OZ MedienDesign Oliver ZannerS\u00e4ntisstra\u00dfe 378256 Stei\u00dflingen Tel. 07738\/2030544Handy: 0151 17117932o.zanner@oz-mediendesign.comwww.oz-mediendesign.com Unternehmensform: Einzelunternehmen Bildnachweise: Eigene Kreationen\/Aufnahmen \u00a0 Disclaimer Haftung f\u00fcr Inhalte Die Inhalte unserer Seiten wurden mit gr\u00f6\u00dfter Sorgfalt erstellt. F\u00fcr die Richtigkeit, Vollst\u00e4ndigkeit und Aktualit\u00e4t der Inhalte k\u00f6nnen wir jedoch keine Gew\u00e4hr \u00fcbernehmen. Als Diensteanbieter sind wir gem\u00e4\u00df \u00a7 7 Abs.1 TMG f\u00fcr eigene [&hellip;]\" \/>\n<meta property=\"og:url\" content=\"https:\/\/www.oz-mediendesign.com\/?page_id=413\" \/>\n<meta property=\"og:site_name\" content=\"OZ Mediendesign\" \/>\n<meta property=\"article:modified_time\" content=\"2026-05-13T02:47:05+00:00\" \/>\n<meta name=\"twitter:card\" content=\"summary_large_image\" \/>\n<meta name=\"twitter:label1\" content=\"Gesch\u00e4tzte Lesezeit\" \/>\n\t<meta name=\"twitter:data1\" content=\"3\u00a0Minuten\" \/>\n<script type=\"application\/ld+json\" class=\"yoast-schema-graph\">{\"@context\":\"https:\\\/\\\/schema.org\",\"@graph\":[{\"@type\":\"WebPage\",\"@id\":\"https:\\\/\\\/www.oz-mediendesign.com\\\/?page_id=413\",\"url\":\"https:\\\/\\\/www.oz-mediendesign.com\\\/?page_id=413\",\"name\":\"Impressum - OZ Mediendesign\",\"isPartOf\":{\"@id\":\"https:\\\/\\\/www.oz-mediendesign.com\\\/#website\"},\"datePublished\":\"2026-05-13T02:26:02+00:00\",\"dateModified\":\"2026-05-13T02:47:05+00:00\",\"breadcrumb\":{\"@id\":\"https:\\\/\\\/www.oz-mediendesign.com\\\/?page_id=413#breadcrumb\"},\"inLanguage\":\"de\",\"potentialAction\":[{\"@type\":\"ReadAction\",\"target\":[\"https:\\\/\\\/www.oz-mediendesign.com\\\/?page_id=413\"]}]},{\"@type\":\"BreadcrumbList\",\"@id\":\"https:\\\/\\\/www.oz-mediendesign.com\\\/?page_id=413#breadcrumb\",\"itemListElement\":[{\"@type\":\"ListItem\",\"position\":1,\"name\":\"Home\",\"item\":\"https:\\\/\\\/www.oz-mediendesign.com\\\/\"},{\"@type\":\"ListItem\",\"position\":2,\"name\":\"Impressum\"}]},{\"@type\":\"WebSite\",\"@id\":\"https:\\\/\\\/www.oz-mediendesign.com\\\/#website\",\"url\":\"https:\\\/\\\/www.oz-mediendesign.com\\\/\",\"name\":\"OZ Mediendesign\",\"description\":\"Wir machen aus Ideen Begeisterung.\",\"potentialAction\":[{\"@type\":\"SearchAction\",\"target\":{\"@type\":\"EntryPoint\",\"urlTemplate\":\"https:\\\/\\\/www.oz-mediendesign.com\\\/?s={search_term_string}\"},\"query-input\":{\"@type\":\"PropertyValueSpecification\",\"valueRequired\":true,\"valueName\":\"search_term_string\"}}],\"inLanguage\":\"de\"}]}<\/script>\n<!-- \/ Yoast SEO plugin. -->","yoast_head_json":{"title":"Impressum - OZ Mediendesign","robots":{"index":"index","follow":"follow","max-snippet":"max-snippet:-1","max-image-preview":"max-image-preview:large","max-video-preview":"max-video-preview:-1"},"canonical":"https:\/\/www.oz-mediendesign.com\/?page_id=413","og_locale":"de_DE","og_type":"article","og_title":"Impressum - OZ Mediendesign","og_description":"Impressum OZ MedienDesign Oliver ZannerS\u00e4ntisstra\u00dfe 378256 Stei\u00dflingen Tel. 07738\/2030544Handy: 0151 17117932o.zanner@oz-mediendesign.comwww.oz-mediendesign.com Unternehmensform: Einzelunternehmen Bildnachweise: Eigene Kreationen\/Aufnahmen \u00a0 Disclaimer Haftung f\u00fcr Inhalte Die Inhalte unserer Seiten wurden mit gr\u00f6\u00dfter Sorgfalt erstellt. F\u00fcr die Richtigkeit, Vollst\u00e4ndigkeit und Aktualit\u00e4t der Inhalte k\u00f6nnen wir jedoch keine Gew\u00e4hr \u00fcbernehmen. Als Diensteanbieter sind wir gem\u00e4\u00df \u00a7 7 Abs.1 TMG f\u00fcr eigene [&hellip;]","og_url":"https:\/\/www.oz-mediendesign.com\/?page_id=413","og_site_name":"OZ Mediendesign","article_modified_time":"2026-05-13T02:47:05+00:00","twitter_card":"summary_large_image","twitter_misc":{"Gesch\u00e4tzte Lesezeit":"3\u00a0Minuten"},"schema":{"@context":"https:\/\/schema.org","@graph":[{"@type":"WebPage","@id":"https:\/\/www.oz-mediendesign.com\/?page_id=413","url":"https:\/\/www.oz-mediendesign.com\/?page_id=413","name":"Impressum - OZ Mediendesign","isPartOf":{"@id":"https:\/\/www.oz-mediendesign.com\/#website"},"datePublished":"2026-05-13T02:26:02+00:00","dateModified":"2026-05-13T02:47:05+00:00","breadcrumb":{"@id":"https:\/\/www.oz-mediendesign.com\/?page_id=413#breadcrumb"},"inLanguage":"de","potentialAction":[{"@type":"ReadAction","target":["https:\/\/www.oz-mediendesign.com\/?page_id=413"]}]},{"@type":"BreadcrumbList","@id":"https:\/\/www.oz-mediendesign.com\/?page_id=413#breadcrumb","itemListElement":[{"@type":"ListItem","position":1,"name":"Home","item":"https:\/\/www.oz-mediendesign.com\/"},{"@type":"ListItem","position":2,"name":"Impressum"}]},{"@type":"WebSite","@id":"https:\/\/www.oz-mediendesign.com\/#website","url":"https:\/\/www.oz-mediendesign.com\/","name":"OZ Mediendesign","description":"Wir machen aus Ideen Begeisterung.","potentialAction":[{"@type":"SearchAction","target":{"@type":"EntryPoint","urlTemplate":"https:\/\/www.oz-mediendesign.com\/?s={search_term_string}"},"query-input":{"@type":"PropertyValueSpecification","valueRequired":true,"valueName":"search_term_string"}}],"inLanguage":"de"}]}},"_links":{"self":[{"href":"https:\/\/www.oz-mediendesign.com\/index.php?rest_route=\/wp\/v2\/pages\/413","targetHints":{"allow":["GET"]}}],"collection":[{"href":"https:\/\/www.oz-mediendesign.com\/index.php?rest_route=\/wp\/v2\/pages"}],"about":[{"href":"https:\/\/www.oz-mediendesign.com\/index.php?rest_route=\/wp\/v2\/types\/page"}],"author":[{"embeddable":true,"href":"https:\/\/www.oz-mediendesign.com\/index.php?rest_route=\/wp\/v2\/users\/1"}],"replies":[{"embeddable":true,"href":"https:\/\/www.oz-mediendesign.com\/index.php?rest_route=%2Fwp%2Fv2%2Fcomments&post=413"}],"version-history":[{"count":7,"href":"https:\/\/www.oz-mediendesign.com\/index.php?rest_route=\/wp\/v2\/pages\/413\/revisions"}],"predecessor-version":[{"id":439,"href":"https:\/\/www.oz-mediendesign.com\/index.php?rest_route=\/wp\/v2\/pages\/413\/revisions\/439"}],"wp:attachment":[{"href":"https:\/\/www.oz-mediendesign.com\/index.php?rest_route=%2Fwp%2Fv2%2Fmedia&parent=413"}],"curies":[{"name":"wp","href":"https:\/\/api.w.org\/{rel}","templated":true}]}}